) = 5*u**2 - 284*u - 5034. Give m(71).
7
Let d(f) = -34327*f - 127. What is d(0)?
-127
Let x(c) = -26*c**3 - 2944*c**2 - 692*c - 1585. What is x(-113)?
-3
Let z(x) = -79252*x - 1109550. Give z(-14).
-22
Let d(b) = -9806*b - 39217. What is d(-4)?
7
Let n(j) = -4*j**2 + 2614*j - 26032. Determine n(10).
-292
Let i(j) = -3*j**2 + 382*j + 84315. What is i(243)?
-6
Let r(l) = -19*l**3 - 8*l**2 + 22*l + 233. Give r(-4).
1233
Let s(p) = -416*p + 10901. Give s(26).
85
Let f(d) = 2*d**3 - 205*d**2 - 961*d - 223. Give f(107).
-9
Let y(m) = -m**2 + 479*m - 47433. Calculate y(139).
-173
Let j(l) = -47429*l - 3746872. Calculate j(-79).
19
Let f(s) = 85444*s - 4101316. Calculate f(48).
-4
Let y(i) = 11*i**2 + 276*i + 1496. What is y(-8)?
-8
Let p(y) = -1022*y - 50078. Give p(-49).
0
Let m(u) = -u**3 + 35*u**2 - 280*u + 68. Give m(24).
-316
Let k(p) = -p**3 - 15*p**2 + 28*p + 232. Calculate k(-9).
-506
Let n(f) = -260*f + 754. Determine n(3).
-26
Let m(t) = -t**3 - 282*t**2 + 4495*t - 762. Calculate m(15).
-162
Let u(r) = 2*r**3 + 14*r**2 + 818*r + 3130. Determine u(-4).
-46
Let m(a) = -2*a**3 - 492*a**2 + 8951*a + 2362. Calculate m(-263).
-5
Let p(j) = 53*j - 793. Determine p(32).
903
Let f(l) = 2*l**2 - 31133*l - 2692185. Determine f(-86).
45
Let q(v) = -11*v**2 - 5353*v + 1876. What is q(-487)?
-72
Let i(c) = 3*c**2 + 3224*c - 29202. Determine i(9).
57
Let x(t) = 164*t**3 + 492*t**2 + 115*t + 327. Calculate x(-3).
-18
Let d(c) = 7*c**3 + 197*c**2 - 1854*c - 52682. What is d(-28)?
14
Let a(f) = 2*f**3 - 96*f**2 + 760*f + 1943. What is a(37)?
-55
Let d(c) = -3*c**3 + 172*c**2 + 582*c + 44686. Calculate d(64).
14
Let m(w) = w**3 + 9*w**2 - 1335*w - 17921. Give m(-33).
-2
Let m(s) = 93959*s + 1033541. Determine m(-11).
-8
Let y(k) = -391*k - 94607. Determine y(-242).
15
Let v(u) = u**3 - 14*u**2 - 969*u + 4274. Calculate v(37).
-92
Let b(n) = n**2 + 88*n - 178. Calculate b(2).
2
Let y(g) = g**2 - 334*g - 17134. Determine y(-45).
-79
Let n(u) = 45571*u + 3235555. What is n(-71)?
14
Let y(o) = 3*o**2 + 130*o - 2933. Give y(19).
620
Let o(t) = -3*t**3 - 142*t**2 - 846*t + 16. Determine o(-7).
9
Let d(i) = -268*i + 284. Determine d(1).
16
Let g(d) = d**3 - 383*d**2 + 30666*d + 56. Calculate g(269).
56
Let n(x) = 13248*x - 65889. Determine n(5).
351
Let s(r) = r**2 - 458*r - 198. Give s(0).
-198
Let g(m) = 27876*m + 250782. Give g(-9).
-102
Let h(x) = -2*x**3 + 249*x**2 - 1573*x + 59140. What is h(120)?
-20
Let b(d) = -124*d - 310. What is b(-2)?
-62
Let r(t) = -3*t**3 - 2497*t**2 - 8319*t - 24046. Give r(-829).
-5
Let s(l) = -l**2 + 783*l - 7729. Give s(10).
1
Let v(w) = -1906*w - 634739. Determine v(-333).
-41
Let l(j) = 4234*j - 203146. Calculate l(48).
86
Let u(b) = 40*b**3 + 73442*b**2 + 3712*b + 73445. Give u(-1836).
5
Let s(z) = 975*z - 33600. What is s(34)?
-450
Let r(b) = -2888*b + 22909. Calculate r(8).
-195
Let c(s) = 853*s**3 - 2*s**2 - 23*s - 20. Calculate c(-1).
-852
Let n(j) = 60*j**3 + 60*j**2 + 126*j + 6. Give n(-2).
-486
Let r(a) = -2*a**3 + 612*a**2 - 5920*a - 6. Determine r(296).
-6
Let b(m) = -m**3 - 1122*m**2 + 39290*m + 553. Determine b(34).
77
Let w(f) = -44303*f - 841922. Give w(-19).
-165
Let f(d) = 105*d**2 + 1434*d + 251. Give f(-13).
-646
Let v(i) = -64*i**2 + 140*i + 839. Give v(5).
-61
Let n(z) = -17*z**3 - 2953*z**2 + 893*z + 3997. Determine n(-174).
-5
Let p(u) = 274*u + 1494. Determine p(-6).
-150
Let u(k) = 8*k**2 + 709*k - 42. Calculate u(-89).
225
Let h(k) = 11*k**3 - 4*k**2 - 169*k - 780. Give h(-5).
-1410
Let a(u) = -3*u**3 - 46*u**2 + 91*u + 390. Determine a(-17).
288
Let q(i) = i**2 - 146*i + 956. Give q(6).
116
Let s(f) = -6*f**2 - 194*f - 2813. What is s(-25)?
-1713
Let b(r) = -r**3 - 13*r**2 + 25*r + 70. Give b(7).
-735
Let i(v) = v**2 - 1876*v + 68040. Give i(37).
-3
Let j(s) = 5*s**3 + 30*s**2 + 130859*s + 785154. What is j(-6)?
0
Let a(v) = -v**2 - 450356*v + 9457916. Calculate a(21).
-1
Let n(b) = 4759*b - 4782. Calculate n(1).
-23
Let s(j) = -831800*j + 24953982. What is s(30)?
-18
Let b(k) = -k**3 + 3*k**2 + 3110*k - 9385. Determine b(3).
-55
Let o(k) = 14*k**2 + 456*k + 1330. What is o(-25)?
-1320
Let r(u) = 7108*u + 120825. Determine r(-17).
-11
Let k(w) = -w**3 + 4*w**2 + 32*w - 293. Give k(9).
-410
Let k(f) = -f**3 + 7*f**2 + 3848*f + 3012. Calculate k(66).
-24
Let g(s) = -4*s**3 + 4*s**2 - s + 17. Give g(-4).
341
Let x(d) = -23*d**3 - 22338*d**2 - 27161*d - 975. Determine x(-970).
-5
Let y(f) = 239*f**3 + 22*f**2 - 138*f - 160. What is y(-1)?
-239
Let z(m) = 2*m**3 - 191*m**2 + 4021*m + 706. Determine z(64).
2
Let a(m) = -5*m**2 - 366*m - 135. Give a(-76).
-1199
Let o(j) = 7*j**3 - 7*j**2 + 2*j - 76. What is o(5)?
634
Let j(g) = 66584*g - 532814. Calculate j(8).
-142
Let c(m) = -23252*m - 255775. Give c(-11).
-3
Let b(u) = -2*u**3 - 484*u**2 + 3011*u + 8673. What is b(-248)?
-7
Let z(u) = 17*u**2 + 5213*u + 77362. What is z(-291)?
-44
Let v(a) = 27065*a + 784894. Give v(-29).
9
Let i(y) = -414*y + 478579. Give i(1156).
-5
Let t(p) = 14*p**2 + 92*p - 1917. Determine t(14).
2115
Let r(n) = n**3 + 86*n**2 + 947*n - 102. Calculate r(-73).
44
Let j(g) = 5*g**2 - 774*g + 23754. What is j(113)?
137
Let w(r) = 84*r**2 + 67*r + 7. What is w(1)?
158
Let j(i) = 2569*i + 7688. Determine j(-3).
-19
Let h(d) = 23*d**2 + 954*d + 59. Calculate h(-42).
563
Let h(n) = 91*n**3 - 8*n**2 - 572*n + 1168. Determine h(2).
720
Let u(d) = 17*d**2 - 39*d + 235. What is u(6)?
613
Let y(v) = -v**2 + 984*v - 8794. Determine y(9).
-19
Let j(p) = 387*p + 14615. What is j(-37)?
296
Let x(v) = 83*v - 7703. What is x(95)?
182
Let g(v) = -55683*v + 445467. What is g(8)?
3
Let o(j) = 4573*j**2 + 50304*j + 12. Determine o(-11).
1
Let z(x) = x**3 - 76*x**2 - 1147*x + 119. What is z(-13)?
-11
Let l(o) = 2*o**2 - 5833*o - 129300. What is l(-22)?
-6
Let z(w) = 16221*w - 5807099. Determine z(358).
19
Let w(p) = -2*p**2 + 2538*p + 17827. Determine w(-7).
-37
Let w(d) = -7*d**2 + 805*d + 15. Determine w(115).
15
Let t(g) = -6*g**2 + 1662*g + 22626. Determine t(290).
6
Let l(p) = 145*p + 837. What is l(-2)?
547
Let j(v) = 1107*v - 24364. Determine j(22).
-10
Let q(u) = -3*u**3 + 1443*u**2 + 5843*u - 11163. Calculate q(485).
-8
Let r(q) = -11*q**2 + 477*q - 534. Determine r(42).
96
Let l(g) = -3949263*g - 4. Give l(0).
-4
Let n(c) = -6877*c + 27143. Give n(4).
-365
Let f(c) = -567*c - 20449. What is f(-38)?
1097
Let d(q) = -154*q + 3083. What is d(23)?
-459
Let i(v) = -163092*v - 5545120. Calculate i(-34).
8
Let q(k) = -3360*k - 84048. What is q(-25)?
-48
Let s(n) = -10*n**2 - 591*n - 7475. Give s(-22).
687
Let z(o) = 8*o**3 + 28*o**2 + 13*o + 44. Determine z(-7).
-1419
Let u(x) = 786*x + 901. Calculate u(3).
3259
Let d(x) = -26*x**2 - 766*x - 775. Calculate d(-1).
-35
Let n(x) = 9913*x + 60903. Determine n(-6).
1425
Let r(x) = -3*x**3 + 100*x**2 + 46*x + 414. Determine r(34).
-334
Let i(q) = -373975*q + 1121916. What is i(3)?
-9
Let f(v) = 8509*v + 16579. Determine f(-2).
-439
Let y(p) = -521*p + 7376. Give y(14).
82
Let z(f) = -f**2 - 2553*f + 51517. What is z(20)?
57
Let r(m) = -5*m**3 + m**2 - 167*m - 1007. Determine r(-7).
1926
Let m(v) = v**2 - 5075*v - 292524. Give m(-57).
0
Let d(r) = -107*r**2 + 13675*r + 2733. Calculate d(128).
45
Let h(o) = -3*o**2 + 462*o + 10381. Calculate h(174).
-59
Let d(c) = -1166*c + 1238. Determine d(2).
-1094
Let f(i) = -168786*i + 77. Determine f(0).
77
Let w(i) = 1438*i + 2493. What is w(-1)?
1055
Let s(r) = -54*r**2 - 34396*r + 1293. Give s(-637).
19
Let l(s) = 470*s - 4676. Calculate l(10).
24
Let z(l) = 1593*l - 852264. Give z(535).
-9
Let r(l) = -688*l - 300634. Determine r(-437).
22
Let h(f) = f**3 + 45*f**2 - 2978*f - 2069. Give h(37).
3
Let q(z) = 4*z**3 - 32*z**2 + 211*z + 241. What is q(-1)?
-6
Let c(p) = -2*p**3 + 637*p**2 + 326423*p - 540. Determine c(-275).
10
Let k(v) = -2*v**3 + 310*v**2 + 2946*v + 984. Determine k(164).
0
Let m(y) = -66*y**2 - 2096*y - 80. Calculate m(-32).
-592
Let x(r) = -2*r**2 + 184*r + 7306. Give x(-29).
288
Let y(s) = 30*s**2 - 1415*s - 121. What is y(47)?
-356
Let x(f) = f**3 + 252*f**2 + 7433*f + 732. What is x(-34)?
18
Let t(q) = -14046*q + 168571. Calculate t(12).
19
Let p(h) = -25427*h + 381454. Give p(15).
49
Let s(y) = 769*y**3 + 3112*y**2 + 4*y - 1. What is s(-4)?
559
